t a be u/60 - 21/(-15). Let n(g) = g**3 - 1. Determine n(a).
0
Suppose -3*h - 5*z = -94, -h + 3*z - 21 = -43. Let m(x) = x**3 - 28*x**2 - x + 31. What is m(h)?
3
Suppose 0 = 35*v - 18*v - 68. Let f(m) = -7*m + 18. Determine f(v).
-10
Let s(v) = -5*v**3 - 4*v**2 - 3*v - 2. Let r(g) = 114*g + 568. Let w be r(-5). Give s(w).
28
Let c(h) = -h**3 - 9*h**2 - 7*h + 7. Let g(p) = -2*p**2 - 16*p + 16. Let x be g(-8). Suppose -x = 18*y - 16*y. Determine c(y).
-1
Suppose -3*b - 4*o + 14 = 0, b + 5*o - o - 2 = 0. Let s(h) = 41 + 32 + b*h - 74. Suppose 2*y + 8 - 15 = 5*n, -2*n = 2*y. Determine s(n).
-7
Let a(m) = -6*m - 12*m - 16*m - 178523 + 178228. Give a(-9).
11
Let z(h) = 28*h + 129. Suppose 5*w + 5*q - q = -1, -4*q = 3*w - 9. What is z(w)?
-11
Let c(h) = 2*h**3 + 1 + 3*h - 8*h**2 - 1 - 5*h. Let q be c(4). Let f(b) = 3*b - 5 - b - 3*b - 4. What is f(q)?
-1
Let f(m) = -3*m - 7. Let o(x) = -2*x**3 + 8*x**2 + 7. Let b be o(6). Let g = b - -131. Determine f(g).
11
Let p(w) = 9 - 11 + 6 + 6*w**2 - 6*w - 16*w. Let v(d) = -d**2 + 2*d. Let h(m) = -p(m) - 5*v(m). Determine h(5).
31
Let y(z) = z - 2 - 2*z + 0. Let o be y(10). Let n be o - -11 - (-4 - 0). Let w(k) = -k**3 + 2*k**2 + k + 2. Give w(n).
-4
Let a(u) = u**3 + 4*u**2 - 5*u + 1. Let m be 2 + 4/(-6)*1590/(-10). Let i = 103 - m. Let g be a(i). Let n(r) = 6*r**2 - 1. Give n(g).
5
Let z(t) = -2*t**2 + 11*t + 26. Let o = 9800 - 9792. Calculate z(o).
-14
Let a(f) = -5*f - 3. Let l be a(-1). Let i(k) = -4 + 8*k**2 - 6*k**l - k**2 + 9*k. Calculate i(-9).
-4
Let o(z) = z**3 - 5*z**2 + z. Let g(q) = q**2 - 25*q + 79. Let u be g(22). Suppose -3 - 23 = -u*p. What is o(p)?
-10
Let q = -82 + 86. Suppose -q*o - 7*o = -22. Suppose -i + 0 = o*d + 8, i - 20 = 5*d. Let h(w) = w**3 + w**2 - w + 9. Determine h(i).
9
Let k(y) = -y**3 - 8*y**2 - 6*y + 6. Suppose -5*d = 41 - 161. Let g be (-162)/d + (-2)/8. Give k(g).
-1
Let b(g) = -7*g. Suppose -21*h - 71*h - 33 = 59. Give b(h).
7
Let j be 4 + -3 - (-2 + 3 - 2). Let s be -5 + j + (-1 - 2). Let u be -16*(-3)/(-21) + s/(-21). Let w(i) = 3*i. What is w(u)?
-6
Let x = -24830 - -24821. Let i(b) = -b - 88. Calculate i(x).
-79
Let q(b) = 9*b - 39. Suppose 5*x + 270 = 3*t + 281, 16 = x + 4*t. Calculate q(x).
-3
Suppose -o + 8 = -0*o - 3*v, 5*o + 5*v = 140. Let t(x) = x**2 + 12*x - 26. Let i be t(-14). Let l(y) = -i*y + 8 - o*y**3 - 21 + 4*y**3 + 12. Determine l(-1).
20
Let q(u) = -u**3 - 37*u**2 - 11*u + 20. Let d(n) = -n**3 - 33*n**2 - 12*n + 19. Let w(a) = -5*d(a) + 4*q(a). Determine w(-16).
-15
Let y(l) be the second derivative of l**5/20 + 17*l**4/12 - 3*l**3 - 3*l**2/2 + 3*l + 65. Let v be 0 - (-2)/3*-27. What is y(v)?
-3
Let x be (-639)/15 + -3 + (-36)/(-10). Let d be x/(-3) + (-3)/(-3). Let s(f) = f - 16. What is s(d)?
-1
Let t(g) = -10*g**2 - 7*g - 4. Let o be (-6)/9*9 - -10. Let c(f) = -f**2 - f - 1. Let j(u) = o*c(u) - t(u). Determine j(-3).
45
Let s = 96 - 33. Let t = 66 - s. Let w(m) = -6*m**2 - m**t + 5*m**2 + 2*m**2 + 6 - 2*m**2 + m. What is w(0)?
6
Let k(x) = -2*x**2 + 2*x + 8. Let v(l) = 11*l**2 - 2*l - 50. Let u(a) = 5*k(a) + v(a). What is u(4)?
38
Let o(k) = -k**3 + 7*k**2 - 25*k + 46. Suppose 424*t - 2741 + 1045 = 0. Give o(t).
-6
Let t(y) = -5*y**2 - 91*y + 74. Let z be t(-19). Let d(a) = a**2 - 5*a - 1. What is d(z)?
13
Let i(b) be the second derivative of -b**5/20 - 11*b**4/12 + 31*b**3/6 + 22*b**2 - 5976*b. Determine i(-13).
-21
Let z(w) be the third derivative of -w**5/30 + w**4/24 - w**3/6 - 2*w**2. Let h be 3/(-2)*88/(-33). Suppose 8*l - 12 = 3*m + 3*l, m - h*l = -11. Calculate z(m).
-2
Let f = 510 + -509. Let g(h) = 3 - 5 - 2*h - f - 4 + 5 - 5*h**2. What is g(-2)?
-18
Let s = 75 - 59. Let l = s + -6. Suppose 5*u - l = 0, -d + 8 + 0 = u. Let z(t) = -t**2 + 6*t - 7. Determine z(d).
-7
Let d(o) = o**3 + o**2 - o + 2. Let i = 10450 + -10453. Give d(i).
-13
Suppose 3*y - 5*b + 34 = 0, -3*b - 221 + 227 = 0. Let o(a) = 38*a + 291. Calculate o(y).
-13
Let o(s) = -67*s**2 + s**3 + 63*s**2 + 0*s + 6*s - 2*s - s. What is o(2)?
-2
Suppose -2*y = -3*v - 61, -y + 2*v + 13 = 4*v. Let q(u) = u**3 - 21*u**2 - 45*u - 18. Let c be q(y). Let w(k) = k + c*k - k**2 + 4066 - 4069. Give w(7).
-10
Let d(b) = b**2 + 5*b - 2. Let m be d(0). Let q(w) be the first derivative of -3*w**2/2 - w + 636. Calculate q(m).
5
Suppose -652 = -19*p - 595. Let x(m) = 2*m**3 - 13*m**2 + 9*m + 1. Let k(c) = -c**3 + 6*c**2 - 4*c - 1. Let i(a) = 5*k(a) + 2*x(a). Give i(p).
0
Let j be 5*(-5)/(25/8). Let m(v) = 5 + 68*v - 38*v - 31*v. Give m(j).
13
Let t(y) = 2*y**2 - y**2 - 1 + 0*y + y. Let l(s) = 5*s**2 + 12*s + 31. Let n be l(-8). Let m = n + -258. Give t(m).
5
Suppose -2*s + 5*s + 17 = 2*h, 0 = 4*s + 4. Let b(f) = -h*f + f + 7*f + 3*f. Determine b(-4).
-16
Suppose 385 = -2*k + 13*k. Let n(x) = -27 + 95 - 34 - 5*x - k. What is n(-1)?
4
Let h(a) = -2*a - 18. Suppose 5*t = -3*p - 41 + 4, 4*p = -t + 13. Calculate h(t).
4
Let w(s) = 4*s - 27. Let h be w(7). Let m(i) = -h - 4 - 5*i - 2. Let f(v) = -11*v - 13. Let o(a) = -4*f(a) + 9*m(a). What is o(0)?
-11
Suppose -3*f - 59*k = -56*k - 24, -30 = -4*f - 5*k. Let j(l) = -6*l - 6 + f*l**2 + l**3 - 4*l**2 - 11*l**2. Determine j(6).
-6
Let s(x) be the third derivative of 7/60*x**5 + 0*x**4 + 0*x**3 + 11*x**2 - 3 + 0*x. What is s(-1)?
7
Let m(c) = 4*c - 7. Let q(y) = y - 3. Let f(j) = 2*m(j) - 7*q(j). Suppose 15 = 5*s + 2*v, -v + 0 + 6 = 2*s. Suppose -s*i - 17 - 1 = 0. What is f(i)?
1
Let p(a) = a**2 - 6*a + 7. Suppose 1605 = 11*x + 1561. What is p(x)?
-1
Let l(h) = 5*h**3 - 21*h**2 + 4*h + 7. Let j(d) = -d**3 + 6*d**2 - 3*d. Let w(v) = 3*j(v) + l(v). Give w(3).
19
Let v be (3/21*10)/((-2)/(-14)). Let j(p) = 3*p + 9 - 2*p + 2 + v. Give j(-17).
4
Let h(t) = t + 2. Let a(n) = -2*n + 31. Let f(b) = -a(b) - 4*h(b). Let o be f(-18). Let d(l) = -l**2 - l + 4. Determine d(o).
-2
Let u(r) = -r**2 - 6*r + 2. Let a(g) = -g**2 - 4*g + 39. Let m be a(0). Let c = m - 41. Let q be 3 - (6 - c) - 1. Give u(q).
2
Let f be 72/(-54)*(-39)/4. Suppose f - 28 = -m. Let j(c) = 5*c - m*c - 4 + c + 10*c. Give j(5).
1
Let x(z) = -2*z**2 + 21*z - 10. Let d be x(10). Suppose -l - o = -4, 2*o = -d*l - l. Suppose 6*n = l*n. Let p(k) = k**3 + k + 19. Determine p(n).
19
Suppose 0 = -2*k + 5*a - 22, 37512*k - 37517*k - 55 = -2*a. Let y(x) = 0*x + 0*x - 2*x - 24. Determine y(k).
-2
Let l(a) = -a**3 + 7*a**2 + 9*a - 12. Suppose 0 = -20*p + 5833 - 1073. Suppose -p = -8*y - 174. What is l(y)?
-4
Let y(z) = -z**3 + 12*z**2 - 9*z - 18. Let x be y(11). Let w(m) = 16*m**2 - 5*m - 2. Let a(k) = 19*k**2 - 5*k - 3. Let v(l) = 5*a(l) - 6*w(l). What is v(x)?
1
Let z be (-957)/(-11) - -2*2. Suppose -30*p + 149 = -z. Let x(y) = -y**2 + 11*y - 20. Give x(p).
4
Let m(o) = 2*o + 4. Suppose -3*n + 5 = 4*x - 0, -2*n - 4*x = -10. Let c(a) = -6*a - 21. Let r be c(n). Suppose 7*s = 4*s + r. What is m(s)?
10
Let t(p) = -3*p - 4. Let s be (14*9)/((-9)/(-6)). Let j = -84 + s. Suppose -k - 38 = -5*x - 3*k, -5*x + 4*k + 14 = j. Give t(x).
-22
Let p(m) = -m**3 + 9*m**2 + 10*m - 6. Suppose 0 = 2*r + 3*z - 6, 2*r + 0*r = -4*z + 8. Suppose 4*n + 8*n - 120 = r. Determine p(n).
-6
Let n(x) = -3*x**2 + 4*x**2 + 4 + 6*x**2 - x**3 - 8*x. Let q(a) = 19*a + 158. Let w(c) = c**2 - 10*c + 17. Let s be w(5). Let y be q(s). What is n(y)?
-8
Let v = 16935 + -16958. Let b(t) = -3*t - 78. What is b(v)?
-9
Let p(z) be the first derivative of z**4/12 + 4*z**3/3 + 3*z**2/2 + 75*z - 15. Let k(c) be the first derivative of p(c). What is k(-5)?
-12
Suppose -451*x - 5 = -450*x, 3*j = 2*x + 34. Let v(h) = -7*h + 59. Give v(j).
3
Suppose -2*j + 5 = -3*j, 2*b + 11 = -5*j. Let n be 1 - -1 - (7 + -27 + b). Let z(o) = o**2 + o + 17*o - n*o. Give z(-3).
0
Let p(x) be the third derivative of x**4/6 - x**3/6 + 2*x**2 + 122*x + 8. Suppose 4*n = -4*s + 8, -3*s + 0*n - 1 = -4*n. Determine p(s).
3
Let f(u) = -39*u - 17*u**2 - u**3 - 2*u**2 + 18*u + 62*u - 30. Give f(-21).
-9
Let x = -323 + 327. Let i(n) be the third derivative of -2*n**2 + 0*n + 0 + 1/8*n**x - 2/3*n**3. Determine i(5).
11
Let k = -23 - -29. Suppose 5*s - 11 = 2*a, 5*a - a - 3*s = -1. Let z(x) = 1 - 3*x + k + a*x**2 - 4 + 0*x. What is z(2)?
5
Let r be 284/16 + 9/(-12). Let y(p) = -5*p + 56. Let k(f) = f - 11. Let b(o) = 9*k(o) + 2*y(o). Calculate b(r).
-4
Let c(x) be the third derivative o